 the prime factors of s(32).
3457
List the prime factors of ((-60346)/55 + -8)/((-3)/(-90)*-1).
2, 3, 307
List the prime factors of (-160)/80*(19933/(-2) - -1).
19, 1049
Let u be (-27)/18*(-1)/((-3)/(-2)). Let r(m) = -u - 6 + 10*m - 3*m - m**2 + 1. What are the prime factors of r(5)?
2
Let j = -7250 - -12089. What are the prime factors of j?
3, 1613
Let n(j) = 1793*j + 2824. What are the prime factors of n(13)?
3, 31, 281
Let a = -1491 + 29561. What are the prime factors of a?
2, 5, 7, 401
Suppose 28*q = 315730 + 310531 + 156815. What are the prime factors of q?
27967
Let i be (-10 - 1)/(-5 - -4). Let r(g) = g**2 - 12*g + 7. Let h be r(i). Let m(s) = -31*s - 16. What are the prime factors of m(h)?
2, 3
Let b = 68 + -59. Suppose 3*a = b*a. Suppose -v + 0*v - w + 96 = a, -2*v = -4*w - 162. What are the prime factors of v?
7, 13
Suppose -5*v - 27 = -3*t - 0*v, 2*t + 1 = -3*v. Suppose 30*n - 26*n + 4786 = 5*d, -t*n + 4 = 0. List the prime factors of d.
2, 479
Let b = -5 + 5. Suppose -4*c - x = -23, -5*c - 5*x + 18 - 8 = b. Suppose 279 + 1 = c*r. What are the prime factors of r?
2, 5
Let p = 11159 + -9091. What are the prime factors of p?
2, 11, 47
Let p(s) be the third derivative of -s**6/120 + s**5/15 - s**4/24 + s**3/2 - 22*s**2. Let d be p(5). Let i = d - -51. List the prime factors of i.
2, 3
Let x = 48 + -45. Suppose -4*h + 2*r + 14 = -0, -4*h + 9 = x*r. Suppose -h*s - 15 = 0, -s + 257 = 2*f - 4*s. List the prime factors of f.
11
What are the prime factors of -7669*-2*(4 + -3)*(-10 - -11)?
2, 7669
Suppose -1179 = 4*d - 13*d. List the prime factors of ((-1)/(4/d))/(7/(-28)).
131
Let q(w) = 16*w**3 + 47*w**2 - 500*w - 35. List the prime factors of q(10).
5, 13, 241
Let z(o) = -o**2 + 6. Let s be z(-2). Suppose -k + 68 = -s*l, 0*l = -5*k + 2*l + 300. Suppose 60*q = k*q + 214. What are the prime factors of q?
107
Let m(w) = 9*w**2 - 1178*w + 797. List the prime factors of m(133).
2, 3, 277
Let u = -430 - -608. Let l = u + 135. What are the prime factors of l?
313
Suppose 71042 = 15*r - 23143. What are the prime factors of r?
3, 7, 13, 23
Let p = -399 - -400. List the prime factors of ((-380)/50)/(1/(p + -36)).
2, 7, 19
Let i(v) = 35060*v**3 - 12*v + 11. What are the prime factors of i(1)?
35059
Let l = -156 - -158. Suppose -5*z - 5*a + 1614 = -2536, -l*a + 10 = 0. List the prime factors of z.
3, 5, 11
Let d(s) = 5*s**3 + 4*s**2 + 66*s - 16. What are the prime factors of d(14)?
2, 3853
Suppose -47*x - 5*x = -478920. What are the prime factors of x?
2, 3, 5, 307
Let p(s) = s**3 - 22*s**2 - 29*s - 12. Let h(t) = 23*t**2 + 29*t + 13. Let r(j) = -5*h(j) - 4*p(j). What are the prime factors of r(-9)?
7, 139
Suppose 5*n - 2*a - 25 = 0, -2*a - 13 = -4*n + a. What are the prime factors of 4 - ((-49)/n - 25)?
2, 3
What are the prime factors of 3551 + (8 - (3 + 0 + -1))?
3557
Let a(v) = 3*v**3 - 2*v**2 + 6*v + 12. Let g be 15*(100/(-15) + 7). What are the prime factors of a(g)?
367
Let w = 13259 + -7600. What are the prime factors of w?
5659
Let f(d) = -201*d**2 + 201*d**2 + 23*d**3 + 3*d + 2. Let q(j) = 24*j**3 + 2*j + 1. Let x(t) = 3*f(t) - 4*q(t). List the prime factors of x(-1).
2, 7
Let u = -270 - -4194. What are the prime factors of u?
2, 3, 109
Suppose -46*t + 44*t - 5*d + 2787 = 0, -2*t = -3*d - 2779. Let h = t + -271. List the prime factors of h.
2, 5, 7
Let q(i) = -i - 1. Let h(l) = 47*l - 4. Let n(s) = -h(s) - 2*q(s). List the prime factors of n(-6).
2, 3, 23
Let b be (0 + -3 + 2)*-5. Suppose 2*l - 4*l - 60 = -b*u, -2*u + 24 = -4*l. Suppose -u + 152 = 2*m. List the prime factors of m.
2, 5, 7
Let g(n) = 2*n**2 + 7*n - 152. Let i = -407 + 428. List the prime factors of g(i).
877
Let q = 78 - 76. Let a(l) = 19 - 23 + 75*l - 10*l. What are the prime factors of a(q)?
2, 3, 7
Let w(s) = s + 1. Let o(j) = j + 1. Let a(i) = 5*o(i) - 6*w(i). Let v be a(-8). Suppose -v*m + 552 = -m. List the prime factors of m.
2, 23
Let g be 718047/63 - -1 - (-6)/14. Suppose -6*l - 2987 = -g. List the prime factors of l.
2, 701
Suppose 323 = 16*m - 829. Let n = m - 5. Suppose -274 + n = -5*d + 3*w, -2*w = -d + 40. What are the prime factors of d?
2, 3, 7
List the prime factors of 0 + 4 - 38280/(-12).
2, 1597
Suppose 0 = -g - 3*a - 4, 4 - 3 = 2*g + 3*a. List the prime factors of g/2*50976/360.
2, 3, 59
Suppose 3*p + 3*y - 45831 = 0, 2*y - 41791 = -5*p + 34609. List the prime factors of p.
2, 3, 283
Let g(l) = -1500*l + 361. List the prime factors of g(-4).
6361
Let r = -392 + 725. Suppose 6*f + r = 9*f. List the prime factors of f.
3, 37
Let s(h) = h**3 - 29*h**2 - 94*h - 425. List the prime factors of s(37).
7, 19, 53
Suppose -w - 2*z + 100 = -z, -4*w - z + 409 = 0. Suppose 51 = 5*u - f - 34, -2*u + 4*f + 16 = 0. Let l = w + u. What are the prime factors of l?
11
Let k be ((-254)/2)/(1*(8/(-16) + 0)). Let l be 2*206 + (-2)/2. Suppose 5*x - l = k. List the prime factors of x.
7, 19
Let w = -102 + 102. What are the prime factors of (w - 2570/(-7)) + 22/(-154)?
367
Let f(l) = 3*l**3 - 10*l**2 - 2*l - 17. Suppose h - 3*h = -12. What are the prime factors of f(h)?
7, 37
Suppose 6*h - 3*h - 3*u = 22839, 0 = -4*u + 12. List the prime factors of h.
2, 7, 17
Let c = 7808 - 3607. List the prime factors of c.
4201
Let o(s) = -s**2 - 16*s - 21. Let f be o(-14). What are the prime factors of (f*-2)/((-6)/135)?
3, 5, 7
Let d(f) = 20*f**2 - 217*f + 7421. List the prime factors of d(41).
2, 7, 41
Let y be -1 - 4 - 12/(-1). Suppose 0 = y*n + 1574 - 6327. List the prime factors of n.
7, 97
Suppose -2*d = 2, -5*k - 6 = -5*d - 116. Suppose 3*j = o + 2*j, k = 4*o + 3*j. Suppose o*q + 5*q = 1184. What are the prime factors of q?
2, 37
List the prime factors of 12/((-20)/(-55) + 51265/(-141130)).
2, 3, 1283
Let p = -285 - -238. Let f = p - -122. List the prime factors of f.
3, 5
Let l be 8/(-36) + 30273/27. Suppose -l = -5*o + 1249. Suppose -3*g = 3*g - o. What are the prime factors of g?
79
What are the prime factors of ((51/6)/17)/(1/5116)?
2, 1279
Suppose -4*h + 183817 - 51629 = 4*x, 33075 = x - 3*h. What are the prime factors of x?
2, 3, 7, 787
Suppose -4*a + 22986 = 5*o, -4*o + 9186 = -2*o + 3*a. List the prime factors of o.
2, 3, 13, 59
Let p = 6184 + -2441. What are the prime factors of p?
19, 197
Suppose c - 256 + 102 = 0. Suppose -4*i - c = 4*f + f, -f = -i + 38. Let o = f - -79. What are the prime factors of o?
3, 5
Let z be -46 - (5 + -8 - -1). Let j(h) = -15*h - 2. Let g be j(-7). Let v = g + z. What are the prime factors of v?
59
Let q(t) = 70 + 4*t - 3*t + 2*t**3 + 93 - t**2 - t**3. Let w be q(0). Let z = -115 + w. List the prime factors of z.
2, 3
Let n = 428 - 440. What are the prime factors of ((-2894)/n - (-5)/(-6))*6?
2, 7, 103
Let t be (-1)/2*(-21 - -9). Let g(f) = f**3 - 63*f - 2 + 2*f**2 + t*f**2 + 61*f. What are the prime factors of g(-7)?
61
Suppose -38*s = 196663 - 563781 - 414580. What are the prime factors of s?
3, 6857
Suppose 1160*d - 1137*d - 552 = 0. What are the prime factors of d?
2, 3
Let r be 5 + 1 + (129 - 8). Let y = r + -102. List the prime factors of y.
5
Let t be (-3*(-4)/(-24))/((-2)/44). Suppose -l - 1316 = -3*u, -456 = -t*u + 10*u - 4*l. What are the prime factors of u?
2, 5, 11
Suppose j - 11 = 5*a - 1, -2*j + 5*a = -15. Suppose -4*h + 30 = 2*o, 3*o - 5*o + 3*h = j. Suppose 612 + 48 = o*s. List the prime factors of s.
2, 3, 11
Let c be ((-33)/(-12))/(-11) - (-13)/4. Suppose -c*o + 2 = -10. List the prime factors of 5 + (-27)/6 - (-578)/o.
5, 29
Let t(h) = 35*h**2 + h + 12. Let p be t(-13). Suppose -p = 30*a - 38674. What are the prime factors of a?
2, 3, 7, 13
Suppose 63*y - 281*y + 1163466 = 0. List the prime factors of y.
3, 593
Suppose 33*u = -11*u + 6072. Suppose -y + 127 = -u. List the prime factors of y.
5, 53
What are the prime factors of 4 - (-3 + 1)*(7590 - -4)?
2, 3, 211
Let r(n) = 6*n - 109. Suppose -2*b = 10, -16*b = 5*m - 11*b - 125. What are the prime factors of r(m)?
71
Let t(h) = 3*h**2 + 11*h - 38. Let w be t(-6). Suppose w*u + 1752 = 2*s, 0*u - 2622 = -3*s + 3*u. What are the prime factors of s?
2, 109
Let c = 8882 - -4649. List the prime factors of c.
7, 1933
Suppose 0 = -313*j + 469843 + 1168399. List the prime factors of j.
2, 2617
Let t(z) = 4*z + 37. Let h be (-75)/6 - 3/6. Let c be t(h). Let o(l) = -l**3 - 14*l**2 + 2*l -